s digit of 11221132?
1
What is the hundreds digit of 394009?
0
What is the millions digit of 19123661?
9
What is the tens digit of 33847?
4
What is the hundreds digit of 2220732?
7
What is the hundreds digit of 4635318?
3
What is the hundreds digit of 139252?
2
What is the hundred thousands digit of 1483676?
4
What is the thousands digit of 353198?
3
What is the hundreds digit of 1596206?
2
What is the ten thousands digit of 43337?
4
What is the millions digit of 9125699?
9
What is the thousands digit of 8921915?
1
What is the ten thousands digit of 8542888?
4
What is the millions digit of 5165329?
5
What is the hundred thousands digit of 5716985?
7
What is the units digit of 141681?
1
What is the ten thousands digit of 11962919?
6
What is the hundreds digit of 42466369?
3
What is the tens digit of 37542?
4
What is the ten thousands digit of 27662603?
6
What is the ten thousands digit of 34274?
3
What is the thousands digit of 1280512?
0
What is the ten millions digit of 10432769?
1
What is the ten thousands digit of 675662?
7
What is the hundreds digit of 401665?
6
What is the tens digit of 140951?
5
What is the thousands digit of 6659318?
9
What is the hundreds digit of 306916?
9
What is the hundreds digit of 28264805?
8
What is the thousands digit of 6053538?
3
What is the hundreds digit of 11449371?
3
What is the units digit of 704715?
5
What is the thousands digit of 121044?
1
What is the millions digit of 10944692?
0
What is the hundred thousands digit of 8127356?
1
What is the units digit of 34210?
0
What is the thousands digit of 421090?
1
What is the thousands digit of 382422?
2
What is the hundreds digit of 34941250?
2
What is the millions digit of 5397910?
5
What is the thousands digit of 64678?
4
What is the units digit of 3494225?
5
What is the hundreds digit of 141777?
7
What is the hundreds digit of 3577842?
8
What is the ten thousands digit of 5604721?
0
What is the tens digit of 505165?
6
What is the units digit of 194024?
4
What is the thousands digit of 16805963?
5
What is the units digit of 3989868?
8
What is the hundreds digit of 179032?
0
What is the thousands digit of 17387861?
7
What is the thousands digit of 10872088?
2
What is the tens digit of 1741213?
1
What is the ten thousands digit of 4193983?
9
What is the hundreds digit of 2703053?
0
What is the thousands digit of 2637197?
7
What is the hundred thousands digit of 19369405?
3
What is the hundreds digit of 299546?
5
What is the tens digit of 1052386?
8
What is the hundred thousands digit of 162452?
1
What is the ten thousands digit of 59891?
5
What is the ten thousands digit of 1555979?
5
What is the hundreds digit of 69696?
6
What is the units digit of 707990?
0
What is the hundreds digit of 587080?
0
What is the ten thousands digit of 8271150?
7
What is the thousands digit of 113569?
3
What is the units digit of 114893?
3
What is the ten thousands digit of 811183?
1
What is the tens digit of 311637?
3
What is the hundreds digit of 6629140?
1
What is the hundred thousands digit of 5479036?
4
What is the millions digit of 9700585?
9
What is the hundred thousands digit of 19429082?
4
What is the ten thousands digit of 581385?
8
What is the ten thousands digit of 9116479?
1
What is the thousands digit of 447959?
7
What is the ten thousands digit of 1922513?
2
What is the units digit of 1020865?
5
What is the ten thousands digit of 111111?
1
What is the hundred thousands digit of 108622?
1
What is the ten thousands digit of 794718?
9
What is the tens digit of 406046?
4
What is the hundred thousands digit of 9818201?
8
What is the hundreds digit of 668044?
0
What is the hundred thousands digit of 217640?
2
What is the hundred thousands digit of 3761357?
7
What is the thousands digit of 861799?
1
What is the units digit of 315176?
6
What is the hundreds digit of 9101427?
4
What is the hundred thousands digit of 515335?
5
What is the hundreds digit of 11394544?
5
What is the hundreds digit of 987196?
1
What is the hundreds digit of 4432076?
0
What is the tens digit of 2787068?
6
What is the units digit of 1801154?
4
What is the hundred thousands digit of 2674156?
6
What is the hundreds digit of 10600811?
8
What is the thousands digit of 2944960?
4
What is the units digit of 32901?
1
What is the ten thousands digit of 5830658?
3
What is the ten millions digit of 13088868?
1
What is the tens digit of 919549?
4
What is the tens digit of 2006305?
0
What is the hundreds digit of 1566607?
6
What is the ten thousands digit of 394989?
9
What is the units digit of 203753?
3
What is the hundreds digit of 75001?
0
What is the thousands digit of 1930286?
0
What is the hundreds digit of 5819020?
0
What is the ten thousands digit of 96333?
9
What is the hundreds digit of 215564?
5
What is the thousands digit of 39572?
9
What is the hundreds digit of 107330?
3
What is the hundred thousands digit of 269156?
2
What is the thousands digit of 984796?
4
What is the ten thousands digit of 5934136?
3
What is the ten thousands digit of 517549?
1
What is the thousands digit of 667447?
7
What is the ten millions digit of 29097878?
2
What is the units digit of 328517?
7
What is the millions digit of 3510158?
3
What is the ten thousands digit of 5736122?
3
What is the tens digit of 100353?
5
What is the thousands digit of 1143517?
3
What is the hundreds digit of 275589?
5
What is the ten thousands digit of 10578047?
7
What is the units digit of 12508?
8
What is the thousands digit of 2135314?
5
What is the thousands digit of 47651?
7
What is the hundred thousands digit of 5383585?
3
What is the hundred thousands digit of 402317?
4
What is the hundreds digit of 25114074?
0
What is the hundred thousands digit of 6176109?
1
What is the hundreds digit of 71428?
4
What is the tens digit of 2512437?
3
What is the ten thousands digit of 20296?
2
What is the thousands digit of 1797414?
7
What is the thousands digit of 118433?
8
What is the tens digit of 1770528?
2
What is the thousands digit of 476378?
6
What is the hundreds digit of 137264?
2
What is the units digit of 110735?
5
What is the hundred thousands digit of 31584327?
5
What is the thousands digit of 813092?
3
What is the units digit of 257902?
2
What is the units digit of 15309530?
0
What is the thousands digit of 202061?
2
What is the tens digit of 1456295?
9
What is the units digit of 1257781?
1
What is the thousands digit of 6016789?
6
What is the units digit of 408499?
9
What is the millions digit of 1243034?
1
What is the tens digit of 1190914?
1
What is the thousands digit of 10010001?
0
What is the thousands digit of 16835776?
5
What is the hundred thousands digit of 2162123?
1
What is the hundreds digit of 378698?
6
What is the thousands digit of 3944690?
4
What is the hundred thousands digit of 241112?
2
What is the thousands digit of 1730578?
0
What is the thousands digit of 8071749?
1
What is the tens digit of 135934?
3
What is the units digit of 2520062?
2
What is the hundreds digit of 477142?
1
What is the millions digit of 11971227?
1
What is the ten thousands digit of 5099864?
9
What is the millions digit of 1547013?
1
What is the hundred thousands digit of 1411927?
4
What is the hundreds digit of 10028981?
9
What is the hundreds digit of 277805?
8
What is the units digit of 7920490?
0
What is the millions digit of 35896430?
5
What is the hundreds digit of 3978?
9
What is the tens digit of 4924698?
9
What is the ten thousands digit of 94962?
9
What is the ten thousands digit of 469222?
6
What is the units digit of 2788092?
2
What is the hundreds digit of 111720?
7
What is the units digit of 12607999?
9
What is the thousands digit of 292532?
2
What is the ten thousands digit of 51654?
5
What is the units digit of 3613371?
1
What is the hundreds digit of 11924?
9
What is the units digit of 376581?
1
What is the units digit of 159574?
4
What is the thousands digit of 470114?
0
What is the tens digit of 1672869?
6
What is the hundreds digit of 201712?
7
What is the tens digit of 40306?
0
What is the units digit of 925394?
4
What is the ten thousands digit of 3192803?
9
What is the thousands digit of 86149?
6
What is the hundred thousands digit of 1279723?
2
What is the ten thousands digit of 648616?
4
What is the tens digit of